{"id":9923,"date":"2023-05-12T15:32:04","date_gmt":"2023-05-12T20:32:04","guid":{"rendered":"https:\/\/fundacionsirenaica.org\/home\/?post_type=product&#038;p=9923"},"modified":"2024-05-30T22:11:25","modified_gmt":"2024-05-31T03:11:25","slug":"buzo-creer","status":"publish","type":"product","link":"https:\/\/fundacionsirenaica.org\/home\/producto\/buzo-creer\/","title":{"rendered":"Buzo con Estampado con la Frase \u00abLo mio es creer y crecer\u00bb"},"content":{"rendered":"<p>Expresa tu filosof\u00eda de vida con estilo y comodidad con nuestro Buzo con Estampado \u00abLo m\u00edo es creer y crecer\u00bb. Este buzo no es solo una prenda de vestir; es un manifiesto personal para aquellos que creen en el poder del crecimiento personal y la fe en sus sue\u00f1os.<\/p>\n<p><strong>Caracter\u00edsticas Destacadas:<\/strong><\/p>\n<ul>\n<li><strong>Inspiraci\u00f3n Diaria:<\/strong> La frase \u00abLo m\u00edo es creer y crecer\u00bb impresa en el frente, te recordar\u00e1 constantemente la importancia de mantener una actitud positiva y progresista.<\/li>\n<li><strong>Comodidad Superior:<\/strong> Hecho en algod\u00f3n 100%, este buzo ofrece una esponjosidad y calidez sin igual, perfectas para cualquier momento.<\/li>\n<li><strong>Dise\u00f1o Vers\u00e1til:<\/strong> Con un corte relajado y moderno, este buzo se adapta perfectamente a cualquier estilo, ya sea que lo uses para una salida casual o una jornada de reflexi\u00f3n personal.<\/li>\n<li><strong>Durabilidad Garantizada:<\/strong> Con costuras reforzadas y materiales de primera, este buzo est\u00e1 dise\u00f1ado para acompa\u00f1arte en todas tus aventuras, manteniendo su forma y color lavado tras lavado.<\/li>\n<li><strong>Estilo \u00danico:<\/strong> Disponible en varios colores, este buzo se convertir\u00e1 en una pieza clave de tu guardarropa, destacando tu personalidad y tus valores.<\/li>\n<\/ul>\n","protected":false},"excerpt":{"rendered":"<p>Manga: Larga<br \/>\nTela: 100% Algod\u00f3n<br \/>\nTallas: S &#8211; M &#8211; L &#8211; XL<\/p>\n<p>Ponte nuestro Buzo con Estampado \u00abLo m\u00edo es creer y crecer\u00bb y lleva contigo una declaraci\u00f3n de optimismo y determinaci\u00f3n. Ideal para aquellos que buscan motivaci\u00f3n en su d\u00eda a d\u00eda, esta prenda es una mezcla perfecta de moda y mensaje. \u00a1Hazlo parte de tu colecci\u00f3n hoy y empieza a inspirar con cada paso que des!<\/p>\n","protected":false},"featured_media":9853,"comment_status":"open","ping_status":"closed","template":"","meta":[],"product_brand":[],"product_cat":[125,45],"product_tag":[],"class_list":{"0":"post-9923","1":"product","2":"type-product","3":"status-publish","4":"has-post-thumbnail","6":"product_cat-buzos","7":"product_cat-ropa","9":"first","10":"instock","11":"shipping-taxable","12":"purchasable","13":"product-type-variable","14":"has-default-attributes"},"yoast_head":"<!-- This site is optimized with the Yoast SEO plugin v27.3 - https:\/\/yoast.com\/product\/yoast-seo-wordpress\/ -->\n<title>Buzo con Estampado &quot;Lo m\u00edo es creer y crecer&quot;- Sirenaica<\/title>\n<meta name=\"description\" content=\"Descubre el buzo con estampado &quot;Lo m\u00edo es creer y crecer&quot;. Fabricado en algod\u00f3n 100 %, este buzo combina estilo y comodidad \u00a1Cons\u00edguelo ahora!\" \/>\n<meta name=\"robots\" content=\"index, follow, max-snippet:-1, max-image-preview:large, max-video-preview:-1\" \/>\n<link rel=\"canonical\" href=\"https:\/\/fundacionsirenaica.org\/home\/producto\/buzo-creer\/\" \/>\n<meta property=\"og:locale\" content=\"es_ES\" \/>\n<meta property=\"og:type\" content=\"article\" \/>\n<meta property=\"og:title\" content=\"Buzo con Estampado &quot;Lo m\u00edo es creer y crecer&quot;- Sirenaica\" \/>\n<meta property=\"og:description\" content=\"Descubre el buzo con estampado &quot;Lo m\u00edo es creer y crecer&quot;. Fabricado en algod\u00f3n 100 %, este buzo combina estilo y comodidad \u00a1Cons\u00edguelo ahora!\" \/>\n<meta property=\"og:url\" content=\"https:\/\/fundacionsirenaica.org\/home\/producto\/buzo-creer\/\" \/>\n<meta property=\"og:site_name\" content=\"Fundaci\u00f3n Sirenaica\" \/>\n<meta property=\"article:modified_time\" content=\"2024-05-31T03:11:25+00:00\" \/>\n<meta property=\"og:image\" content=\"https:\/\/fundacionsirenaica.org\/home\/wp-content\/uploads\/2023\/05\/11.jpg\" \/>\n\t<meta property=\"og:image:width\" content=\"1080\" \/>\n\t<meta property=\"og:image:height\" content=\"1080\" \/>\n\t<meta property=\"og:image:type\" content=\"image\/jpeg\" \/>\n<meta name=\"twitter:card\" content=\"summary_large_image\" \/>\n<meta name=\"twitter:label1\" content=\"Tiempo de lectura\" \/>\n\t<meta name=\"twitter:data1\" content=\"1 minuto\" \/>\n<script type=\"application\/ld+json\" class=\"yoast-schema-graph\">{\"@context\":\"https:\\\/\\\/schema.org\",\"@graph\":[{\"@type\":\"WebPage\",\"@id\":\"https:\\\/\\\/fundacionsirenaica.org\\\/home\\\/producto\\\/buzo-creer\\\/\",\"url\":\"https:\\\/\\\/fundacionsirenaica.org\\\/home\\\/producto\\\/buzo-creer\\\/\",\"name\":\"Buzo con Estampado \\\"Lo m\u00edo es creer y crecer\\\"- Sirenaica\",\"isPartOf\":{\"@id\":\"https:\\\/\\\/fundacionsirenaica.org\\\/home\\\/#website\"},\"primaryImageOfPage\":{\"@id\":\"https:\\\/\\\/fundacionsirenaica.org\\\/home\\\/producto\\\/buzo-creer\\\/#primaryimage\"},\"image\":{\"@id\":\"https:\\\/\\\/fundacionsirenaica.org\\\/home\\\/producto\\\/buzo-creer\\\/#primaryimage\"},\"thumbnailUrl\":\"https:\\\/\\\/fundacionsirenaica.org\\\/home\\\/wp-content\\\/uploads\\\/2023\\\/05\\\/11.jpg\",\"datePublished\":\"2023-05-12T20:32:04+00:00\",\"dateModified\":\"2024-05-31T03:11:25+00:00\",\"description\":\"Descubre el buzo con estampado \\\"Lo m\u00edo es creer y crecer\\\". Fabricado en algod\u00f3n 100 %, este buzo combina estilo y comodidad \u00a1Cons\u00edguelo ahora!\",\"breadcrumb\":{\"@id\":\"https:\\\/\\\/fundacionsirenaica.org\\\/home\\\/producto\\\/buzo-creer\\\/#breadcrumb\"},\"inLanguage\":\"es\",\"potentialAction\":[{\"@type\":\"ReadAction\",\"target\":[\"https:\\\/\\\/fundacionsirenaica.org\\\/home\\\/producto\\\/buzo-creer\\\/\"]}]},{\"@type\":\"ImageObject\",\"inLanguage\":\"es\",\"@id\":\"https:\\\/\\\/fundacionsirenaica.org\\\/home\\\/producto\\\/buzo-creer\\\/#primaryimage\",\"url\":\"https:\\\/\\\/fundacionsirenaica.org\\\/home\\\/wp-content\\\/uploads\\\/2023\\\/05\\\/11.jpg\",\"contentUrl\":\"https:\\\/\\\/fundacionsirenaica.org\\\/home\\\/wp-content\\\/uploads\\\/2023\\\/05\\\/11.jpg\",\"width\":1080,\"height\":1080},{\"@type\":\"BreadcrumbList\",\"@id\":\"https:\\\/\\\/fundacionsirenaica.org\\\/home\\\/producto\\\/buzo-creer\\\/#breadcrumb\",\"itemListElement\":[{\"@type\":\"ListItem\",\"position\":1,\"name\":\"Portada\",\"item\":\"https:\\\/\\\/fundacionsirenaica.org\\\/home\\\/\"},{\"@type\":\"ListItem\",\"position\":2,\"name\":\"Tienda\",\"item\":\"https:\\\/\\\/fundacionsirenaica.org\\\/home\\\/tienda\\\/\"},{\"@type\":\"ListItem\",\"position\":3,\"name\":\"Buzo con Estampado con la Frase &#8220;Lo mio es creer y crecer&#8221;\"}]},{\"@type\":\"WebSite\",\"@id\":\"https:\\\/\\\/fundacionsirenaica.org\\\/home\\\/#website\",\"url\":\"https:\\\/\\\/fundacionsirenaica.org\\\/home\\\/\",\"name\":\"Fundaci\u00f3n Sirenaica\",\"description\":\"\",\"publisher\":{\"@id\":\"https:\\\/\\\/fundacionsirenaica.org\\\/home\\\/#organization\"},\"potentialAction\":[{\"@type\":\"SearchAction\",\"target\":{\"@type\":\"EntryPoint\",\"urlTemplate\":\"https:\\\/\\\/fundacionsirenaica.org\\\/home\\\/?s={search_term_string}\"},\"query-input\":{\"@type\":\"PropertyValueSpecification\",\"valueRequired\":true,\"valueName\":\"search_term_string\"}}],\"inLanguage\":\"es\"},{\"@type\":\"Organization\",\"@id\":\"https:\\\/\\\/fundacionsirenaica.org\\\/home\\\/#organization\",\"name\":\"Fundaci\u00f3n Sirenaica\",\"url\":\"https:\\\/\\\/fundacionsirenaica.org\\\/home\\\/\",\"logo\":{\"@type\":\"ImageObject\",\"inLanguage\":\"es\",\"@id\":\"https:\\\/\\\/fundacionsirenaica.org\\\/home\\\/#\\\/schema\\\/logo\\\/image\\\/\",\"url\":\"https:\\\/\\\/fundacionsirenaica.org\\\/home\\\/wp-content\\\/uploads\\\/2024\\\/08\\\/Logo-Sireniaca-Nuevo.webp\",\"contentUrl\":\"https:\\\/\\\/fundacionsirenaica.org\\\/home\\\/wp-content\\\/uploads\\\/2024\\\/08\\\/Logo-Sireniaca-Nuevo.webp\",\"width\":800,\"height\":309,\"caption\":\"Fundaci\u00f3n Sirenaica\"},\"image\":{\"@id\":\"https:\\\/\\\/fundacionsirenaica.org\\\/home\\\/#\\\/schema\\\/logo\\\/image\\\/\"}}]}<\/script>\n<!-- \/ Yoast SEO plugin. -->","yoast_head_json":{"title":"Buzo con Estampado \"Lo m\u00edo es creer y crecer\"- Sirenaica","description":"Descubre el buzo con estampado \"Lo m\u00edo es creer y crecer\". Fabricado en algod\u00f3n 100 %, este buzo combina estilo y comodidad \u00a1Cons\u00edguelo ahora!","robots":{"index":"index","follow":"follow","max-snippet":"max-snippet:-1","max-image-preview":"max-image-preview:large","max-video-preview":"max-video-preview:-1"},"canonical":"https:\/\/fundacionsirenaica.org\/home\/producto\/buzo-creer\/","og_locale":"es_ES","og_type":"article","og_title":"Buzo con Estampado \"Lo m\u00edo es creer y crecer\"- Sirenaica","og_description":"Descubre el buzo con estampado \"Lo m\u00edo es creer y crecer\". Fabricado en algod\u00f3n 100 %, este buzo combina estilo y comodidad \u00a1Cons\u00edguelo ahora!","og_url":"https:\/\/fundacionsirenaica.org\/home\/producto\/buzo-creer\/","og_site_name":"Fundaci\u00f3n Sirenaica","article_modified_time":"2024-05-31T03:11:25+00:00","og_image":[{"width":1080,"height":1080,"url":"https:\/\/fundacionsirenaica.org\/home\/wp-content\/uploads\/2023\/05\/11.jpg","type":"image\/jpeg"}],"twitter_card":"summary_large_image","twitter_misc":{"Tiempo de lectura":"1 minuto"},"schema":{"@context":"https:\/\/schema.org","@graph":[{"@type":"WebPage","@id":"https:\/\/fundacionsirenaica.org\/home\/producto\/buzo-creer\/","url":"https:\/\/fundacionsirenaica.org\/home\/producto\/buzo-creer\/","name":"Buzo con Estampado \"Lo m\u00edo es creer y crecer\"- Sirenaica","isPartOf":{"@id":"https:\/\/fundacionsirenaica.org\/home\/#website"},"primaryImageOfPage":{"@id":"https:\/\/fundacionsirenaica.org\/home\/producto\/buzo-creer\/#primaryimage"},"image":{"@id":"https:\/\/fundacionsirenaica.org\/home\/producto\/buzo-creer\/#primaryimage"},"thumbnailUrl":"https:\/\/fundacionsirenaica.org\/home\/wp-content\/uploads\/2023\/05\/11.jpg","datePublished":"2023-05-12T20:32:04+00:00","dateModified":"2024-05-31T03:11:25+00:00","description":"Descubre el buzo con estampado \"Lo m\u00edo es creer y crecer\". Fabricado en algod\u00f3n 100 %, este buzo combina estilo y comodidad \u00a1Cons\u00edguelo ahora!","breadcrumb":{"@id":"https:\/\/fundacionsirenaica.org\/home\/producto\/buzo-creer\/#breadcrumb"},"inLanguage":"es","potentialAction":[{"@type":"ReadAction","target":["https:\/\/fundacionsirenaica.org\/home\/producto\/buzo-creer\/"]}]},{"@type":"ImageObject","inLanguage":"es","@id":"https:\/\/fundacionsirenaica.org\/home\/producto\/buzo-creer\/#primaryimage","url":"https:\/\/fundacionsirenaica.org\/home\/wp-content\/uploads\/2023\/05\/11.jpg","contentUrl":"https:\/\/fundacionsirenaica.org\/home\/wp-content\/uploads\/2023\/05\/11.jpg","width":1080,"height":1080},{"@type":"BreadcrumbList","@id":"https:\/\/fundacionsirenaica.org\/home\/producto\/buzo-creer\/#breadcrumb","itemListElement":[{"@type":"ListItem","position":1,"name":"Portada","item":"https:\/\/fundacionsirenaica.org\/home\/"},{"@type":"ListItem","position":2,"name":"Tienda","item":"https:\/\/fundacionsirenaica.org\/home\/tienda\/"},{"@type":"ListItem","position":3,"name":"Buzo con Estampado con la Frase &#8220;Lo mio es creer y crecer&#8221;"}]},{"@type":"WebSite","@id":"https:\/\/fundacionsirenaica.org\/home\/#website","url":"https:\/\/fundacionsirenaica.org\/home\/","name":"Fundaci\u00f3n Sirenaica","description":"","publisher":{"@id":"https:\/\/fundacionsirenaica.org\/home\/#organization"},"potentialAction":[{"@type":"SearchAction","target":{"@type":"EntryPoint","urlTemplate":"https:\/\/fundacionsirenaica.org\/home\/?s={search_term_string}"},"query-input":{"@type":"PropertyValueSpecification","valueRequired":true,"valueName":"search_term_string"}}],"inLanguage":"es"},{"@type":"Organization","@id":"https:\/\/fundacionsirenaica.org\/home\/#organization","name":"Fundaci\u00f3n Sirenaica","url":"https:\/\/fundacionsirenaica.org\/home\/","logo":{"@type":"ImageObject","inLanguage":"es","@id":"https:\/\/fundacionsirenaica.org\/home\/#\/schema\/logo\/image\/","url":"https:\/\/fundacionsirenaica.org\/home\/wp-content\/uploads\/2024\/08\/Logo-Sireniaca-Nuevo.webp","contentUrl":"https:\/\/fundacionsirenaica.org\/home\/wp-content\/uploads\/2024\/08\/Logo-Sireniaca-Nuevo.webp","width":800,"height":309,"caption":"Fundaci\u00f3n Sirenaica"},"image":{"@id":"https:\/\/fundacionsirenaica.org\/home\/#\/schema\/logo\/image\/"}}]}},"_links":{"self":[{"href":"https:\/\/fundacionsirenaica.org\/home\/wp-json\/wp\/v2\/product\/9923","targetHints":{"allow":["GET"]}}],"collection":[{"href":"https:\/\/fundacionsirenaica.org\/home\/wp-json\/wp\/v2\/product"}],"about":[{"href":"https:\/\/fundacionsirenaica.org\/home\/wp-json\/wp\/v2\/types\/product"}],"replies":[{"embeddable":true,"href":"https:\/\/fundacionsirenaica.org\/home\/wp-json\/wp\/v2\/comments?post=9923"}],"wp:featuredmedia":[{"embeddable":true,"href":"https:\/\/fundacionsirenaica.org\/home\/wp-json\/wp\/v2\/media\/9853"}],"wp:attachment":[{"href":"https:\/\/fundacionsirenaica.org\/home\/wp-json\/wp\/v2\/media?parent=9923"}],"wp:term":[{"taxonomy":"product_brand","embeddable":true,"href":"https:\/\/fundacionsirenaica.org\/home\/wp-json\/wp\/v2\/product_brand?post=9923"},{"taxonomy":"product_cat","embeddable":true,"href":"https:\/\/fundacionsirenaica.org\/home\/wp-json\/wp\/v2\/product_cat?post=9923"},{"taxonomy":"product_tag","embeddable":true,"href":"https:\/\/fundacionsirenaica.org\/home\/wp-json\/wp\/v2\/product_tag?post=9923"}],"curies":[{"name":"wp","href":"https:\/\/api.w.org\/{rel}","templated":true}]}}